{"id":3758,"date":"2024-09-06T16:24:23","date_gmt":"2024-09-06T19:24:23","guid":{"rendered":"http:\/\/periciajudicial.zsistemas.com.br\/?page_id=3758"},"modified":"2024-09-06T16:45:38","modified_gmt":"2024-09-06T19:45:38","slug":"tabela-de-servicos","status":"publish","type":"page","link":"https:\/\/periciajudicial.zsistemas.com.br\/index.php\/tabela-de-servicos\/","title":{"rendered":"Tabela de servi\u00e7os"},"content":{"rendered":"\n<h2 class=\"wp-block-heading\">Perito Agenor Zapparoli. <\/h2>\n\n\n\n<p>Especialista em Computa\u00e7\u00e3o Forense e Per\u00edcia Digital, \u00e9 engenheiro de controle e automa\u00e7\u00e3o, engenheiro eletricista, cursou engenharia civil e direito. Atua como Perito Judicial e Assistente T\u00e9cnico desde 2013, tendo atuado em in\u00fameros processos envolvendo as \u00e1reas da el\u00e9trica, eletr\u00f4nica, telecomunica\u00e7\u00f5es, inform\u00e1tica, computa\u00e7\u00e3o forense, per\u00edcia digital, mec\u00e2nica, entre outros que suas gradua\u00e7\u00f5es e especializa\u00e7\u00f5es o compete.<\/p>\n\n\n\n<h2 class=\"wp-block-heading\">Para maiores informa\u00e7\u00f5es curriculares<\/h2>\n\n\n\n<p> Curr\u00edculo: <a rel=\"noreferrer noopener\" aria-label=\"https:\/\/agenorzapparoli.com.br\/index.php\/curriculo\/ (opens in a new tab)\" href=\"https:\/\/agenorzapparoli.com.br\/index.php\/curriculo\/\" target=\"_blank\">https:\/\/agenorzapparoli.com.br\/index.php\/curriculo\/<\/a><\/p>\n\n\n\n<h2 class=\"wp-block-heading\">Segue tabela padr\u00e3o de servi\u00e7os periciais<\/h2>\n\n\n\n<table class=\"wp-block-table is-style-stripes\"><tbody><tr><td><strong> Servi\u00e7os oferecidos: <\/strong><\/td><td><strong>Valores<\/strong><\/td><\/tr><tr><td>1 &#8211; Elabora\u00e7\u00e3o de quesitos preliminares; <\/td><td><strong>R$1.200,00<\/strong> <\/td><\/tr><tr><td>2 &#8211; Elabora\u00e7\u00e3o de parecer t\u00e9cnico preliminar <\/td><td><strong>R$4.000,00<\/strong> <\/td><\/tr><tr><td>3 &#8211; Comparecimento em dilig\u00eancia. (<strong>+deslocamentos +estadias<\/strong>)<\/td><td><strong>R$2.500,00<\/strong> <\/td><\/tr><tr><td>4 &#8211; Elabora\u00e7\u00e3o de laudo paralelo ao do Perito; <\/td><td><strong>R$10.000,00<\/strong><\/td><\/tr><tr><td>5 &#8211; Elabora\u00e7\u00e3o de quesitos complementares\/suplementares; <\/td><td><strong>R$500,00<\/strong><\/td><\/tr><tr><td>6 &#8211; Elabora\u00e7\u00e3o de laudo impugnat\u00f3rio do Perito; <\/td><td><strong>R$12.000,00<\/strong><\/td><\/tr><tr><td>7 &#8211; Elabora\u00e7\u00e3o de quesitos de esclarecimentos; <\/td><td><strong>R$500,00<\/strong><\/td><\/tr><tr><td>8 &#8211; Presen\u00e7a em audi\u00eancia. (<strong>+deslocamentos +estadias<\/strong>)<\/td><td><strong>R$2.500,00<\/strong> <\/td><\/tr><tr><td>9 &#8211; Deslocamento + estadia + alimenta\u00e7\u00e3o para 1 dia de dilig\u00eancia.<\/td><td><strong>R$3.000,00<\/strong><\/td><\/tr><\/tbody><\/table>\n\n\n\n<p><strong>OBS<\/strong>: Trata-se de uma tabela de valores padr\u00f5es. Os valores podem variar conforme a \u00e9poca, local e situa\u00e7\u00e3o.<\/p>\n","protected":false},"excerpt":{"rendered":"<p>Perito Agenor Zapparoli. Especialista em Computa\u00e7\u00e3o Forense e Per\u00edcia Digital, \u00e9 engenheiro de controle e automa\u00e7\u00e3o, engenheiro eletricista, cursou engenharia civil e direito. Atua como<\/p>\n","protected":false},"author":1,"featured_media":3760,"parent":0,"menu_order":0,"comment_status":"closed","ping_status":"closed","template":"","meta":{"om_disable_all_campaigns":false,"_monsterinsights_skip_tracking":false,"_monsterinsights_sitenote_active":false,"_monsterinsights_sitenote_note":"","_monsterinsights_sitenote_category":0,"footnotes":""},"class_list":["post-3758","page","type-page","status-publish","has-post-thumbnail","hentry","comments-off"],"aioseo_notices":[],"_links":{"self":[{"href":"https:\/\/periciajudicial.zsistemas.com.br\/index.php\/wp-json\/wp\/v2\/pages\/3758","targetHints":{"allow":["GET"]}}],"collection":[{"href":"https:\/\/periciajudicial.zsistemas.com.br\/index.php\/wp-json\/wp\/v2\/pages"}],"about":[{"href":"https:\/\/periciajudicial.zsistemas.com.br\/index.php\/wp-json\/wp\/v2\/types\/page"}],"author":[{"embeddable":true,"href":"https:\/\/periciajudicial.zsistemas.com.br\/index.php\/wp-json\/wp\/v2\/users\/1"}],"replies":[{"embeddable":true,"href":"https:\/\/periciajudicial.zsistemas.com.br\/index.php\/wp-json\/wp\/v2\/comments?post=3758"}],"version-history":[{"count":10,"href":"https:\/\/periciajudicial.zsistemas.com.br\/index.php\/wp-json\/wp\/v2\/pages\/3758\/revisions"}],"predecessor-version":[{"id":3771,"href":"https:\/\/periciajudicial.zsistemas.com.br\/index.php\/wp-json\/wp\/v2\/pages\/3758\/revisions\/3771"}],"wp:featuredmedia":[{"embeddable":true,"href":"https:\/\/periciajudicial.zsistemas.com.br\/index.php\/wp-json\/wp\/v2\/media\/3760"}],"wp:attachment":[{"href":"https:\/\/periciajudicial.zsistemas.com.br\/index.php\/wp-json\/wp\/v2\/media?parent=3758"}],"curies":[{"name":"wp","href":"https:\/\/api.w.org\/{rel}","templated":true}]}}