{"id":3906,"date":"2024-12-12T10:55:32","date_gmt":"2024-12-12T13:55:32","guid":{"rendered":"http:\/\/periciajudicial.zsistemas.com.br\/?page_id=3906"},"modified":"2024-12-12T11:06:21","modified_gmt":"2024-12-12T14:06:21","slug":"cursos-gravados-dr-marcos-pitanga","status":"publish","type":"page","link":"https:\/\/periciajudicial.zsistemas.com.br\/index.php\/cursos-gravados-dr-marcos-pitanga\/","title":{"rendered":"Cursos gravados Dr. Marcos Pitanga"},"content":{"rendered":"\n<p>Venha fazer os cursos do Perito Forense Computacional Sr. Dr. Marcos Pitanga. S\u00e3o cursos de per\u00edcia b\u00e1sica em windows, em celulares android, penteste de invas\u00e3o, per\u00edcias em assinaturas eletr\u00f4nicas, guerras cibern\u00e9ticas e uma explica\u00e7\u00e3o aprofundada sobre o famoso IPED da Pol\u00edcia Federal.<\/p>\n\n\n\n<figure class=\"wp-block-image\"><img loading=\"lazy\" decoding=\"async\" width=\"1024\" height=\"1024\" src=\"https:\/\/periciajudicial.zsistemas.com.br\/wp-content\/uploads\/2024\/12\/Cursos-gravados-1-1024x1024.jpg\" alt=\"\" class=\"wp-image-3909\" srcset=\"https:\/\/periciajudicial.zsistemas.com.br\/wp-content\/uploads\/2024\/12\/Cursos-gravados-1-1024x1024.jpg 1024w, https:\/\/periciajudicial.zsistemas.com.br\/wp-content\/uploads\/2024\/12\/Cursos-gravados-1-150x150.jpg 150w, https:\/\/periciajudicial.zsistemas.com.br\/wp-content\/uploads\/2024\/12\/Cursos-gravados-1-300x300.jpg 300w, https:\/\/periciajudicial.zsistemas.com.br\/wp-content\/uploads\/2024\/12\/Cursos-gravados-1-768x768.jpg 768w, https:\/\/periciajudicial.zsistemas.com.br\/wp-content\/uploads\/2024\/12\/Cursos-gravados-1.jpg 1080w\" sizes=\"auto, (max-width: 1024px) 100vw, 1024px\" \/><\/figure>\n\n\n\n<p>Link para contato: <a rel=\"noreferrer noopener\" aria-label=\"https:\/\/fala.host\/Q\/f8efc8be48\/ (opens in a new tab)\" href=\"https:\/\/fala.host\/Q\/f8efc8be48\/\" target=\"_blank\">https:\/\/fala.host\/Q\/f8efc8be48\/<\/a><\/p>\n\n\n\n<div class=\"wp-block-button aligncenter\"><a class=\"wp-block-button__link has-background\" href=\"https:\/\/fala.host\/Q\/f8efc8be48\/\" style=\"background-color:#1740f6\">Solicite mais informa\u00e7\u00f5es<\/a><\/div>\n","protected":false},"excerpt":{"rendered":"<p>Venha fazer os cursos do Perito Forense Computacional Sr. Dr. Marcos Pitanga. S\u00e3o cursos de per\u00edcia b\u00e1sica em windows, em celulares android, penteste de invas\u00e3o,<\/p>\n","protected":false},"author":1,"featured_media":0,"parent":0,"menu_order":0,"comment_status":"closed","ping_status":"closed","template":"","meta":{"om_disable_all_campaigns":false,"_monsterinsights_skip_tracking":false,"_monsterinsights_sitenote_active":false,"_monsterinsights_sitenote_note":"","_monsterinsights_sitenote_category":0,"footnotes":""},"class_list":["post-3906","page","type-page","status-publish","hentry","comments-off"],"aioseo_notices":[],"_links":{"self":[{"href":"https:\/\/periciajudicial.zsistemas.com.br\/index.php\/wp-json\/wp\/v2\/pages\/3906","targetHints":{"allow":["GET"]}}],"collection":[{"href":"https:\/\/periciajudicial.zsistemas.com.br\/index.php\/wp-json\/wp\/v2\/pages"}],"about":[{"href":"https:\/\/periciajudicial.zsistemas.com.br\/index.php\/wp-json\/wp\/v2\/types\/page"}],"author":[{"embeddable":true,"href":"https:\/\/periciajudicial.zsistemas.com.br\/index.php\/wp-json\/wp\/v2\/users\/1"}],"replies":[{"embeddable":true,"href":"https:\/\/periciajudicial.zsistemas.com.br\/index.php\/wp-json\/wp\/v2\/comments?post=3906"}],"version-history":[{"count":2,"href":"https:\/\/periciajudicial.zsistemas.com.br\/index.php\/wp-json\/wp\/v2\/pages\/3906\/revisions"}],"predecessor-version":[{"id":3911,"href":"https:\/\/periciajudicial.zsistemas.com.br\/index.php\/wp-json\/wp\/v2\/pages\/3906\/revisions\/3911"}],"wp:attachment":[{"href":"https:\/\/periciajudicial.zsistemas.com.br\/index.php\/wp-json\/wp\/v2\/media?parent=3906"}],"curies":[{"name":"wp","href":"https:\/\/api.w.org\/{rel}","templated":true}]}}